r of o and 133.
133
Let b = 404 + -391. Let r be -12 + b - (-398)/2. What is the greatest common factor of r and 25?
25
Suppose 37 = 2*k + 13. Let r(c) = c**3 - 13*c**2 + 12*c + 14. Let w be r(k). What is the greatest common factor of 98 and w?
14
Let f = 8 + -9. Let x be -1 + (f/6 - (-210)/(-36)). Let c = 11 - x. Calculate the greatest common factor of c and 24.
6
Let m be ((-36)/21)/(30/2100)*216/(-10). What is the greatest common divisor of m and 416?
32
Let o(a) = 553*a + 2763. Let k be o(-3). Calculate the highest common factor of 1242 and k.
138
Suppose -f + 366 = f. Let t be 20/(-4) + 155 + -28. What is the greatest common factor of t and f?
61
Suppose -4*p = -5*b - 74 - 66, 3*p - 2*b = 98. Let v = -4 + p. Let t be (-583)/(-11) + (-61 - -60). Calculate the highest common divisor of t and v.
26
Suppose 0*d + 6360 = 10*d - 9500. What is the highest common factor of 156 and d?
26
Let v(d) = -18*d**2 + 403*d + 46. Let j be v(22). Calculate the greatest common divisor of j and 424.
8
Let z be (2 - (-322)/(-21))*-3. Let l be (-12)/(-15) - (-5728)/z. Calculate the highest common factor of l and 32.
16
Suppose 0 = v + 5*i - 1250, -10*v + 9699 = -2*v - 3*i. Let n(q) = -4*q - 1. Let h be n(-7). What is the greatest common divisor of v and h?
27
Let d(a) be the first derivative of 17*a**2/2 - 11*a - 84. Let b be d(4). Calculate the highest common factor of 57 and b.
57
Let o = 2046 - 1253. Calculate the highest common factor of 13 and o.
13
Let q = -443 - -455. Let l be ((-54)/q)/(-2*1/4). What is the greatest common factor of 27 and l?
9
Suppose 2178 = 1056*y - 1034*y. Calculate the highest common divisor of 1638 and y.
9
Suppose 5 + 10 = -t. Let x be (5 - 4)*(-1)/(3/(-3)). Let b be (1 + t)/(x/(-5)). Calculate the greatest common factor of b and 175.
35
Let d = 15744 - 15570. What is the greatest common factor of 7018 and d?
58
Let g(t) = t**2 - 17*t + 58. Let o be g(10). Let j be 16/o*231/(-14). What is the highest common factor of j and 418?
22
Suppose -2*i = -4*y - 6, -2*i + 94 = 5*y + 70. What is the greatest common divisor of y and 334?
2
Let l(i) = 102*i - 51. Let a be l(5). Suppose -576 = -3*k + a. What is the highest common factor of k and 60?
15
Suppose 0 = 21*f - 17422 + 4780. Let l = 617 - f. Calculate the greatest common divisor of 60 and l.
15
Let q = 16279 + -13204. What is the highest common divisor of q and 369?
123
Suppose -w + 22 - 18 = 0. Suppose 0 = -b - w*r - 2, 6*r - 11*r = -b + 43. Suppose 450 = 23*p - b*p. Calculate the greatest common factor of 36 and p.
18
Suppose c + c - 22 = 0. Suppose -2*f + 36 = -6*f - 4*p, -c = f + 3*p. Let g(w) = -6*w - 43. Let q be g(f). Calculate the greatest common factor of 1 and q.
1
Suppose -41*d + 44196 + 36615 = 0. Calculate the highest common factor of d and 27.
27
Suppose -2*l = l + 48. Let n(t) = -t**3 - 16*t**2 - 29*t + 3. Let i be n(-14). Let x be (i/4)/(l/(-64)). Calculate the greatest common divisor of 51 and x.
17
Let d(l) = l**3 - 13*l**2 - 6*l + 12. Let q be d(14). Suppose 22*s - 26*s + 4*y = -q, 3*s - 2*y - 92 = 0. Calculate the highest common factor of 330 and s.
30
Let h(x) = -x**3 + 19*x**2 + 51*x - 655. Let b be h(19). Calculate the highest common divisor of 1727 and b.
157
Let g = -138 - -5037. What is the greatest common factor of g and 69?
69
Suppose 2*i = 4*p - 61718, 7*i - 15 = 4*i. Calculate the greatest common divisor of 48 and p.
24
Let o(n) = -n**3 + 19*n**2 + 17*n + 62. Let g be o(20). Suppose -f - p + 31 = 3*p, 0 = 3*f - g*p - 79. What is the greatest common divisor of 45 and f?
9
Let i be 7*(-26)/(-91) + 27. Let u be (-12)/(-3) - 35*-9. Calculate the highest common factor of i and u.
29
Suppose 0 = 3*c - d - 82, -4*d + 23 + 97 = 4*c. Suppose 0 = -12*l + 15*l - 1344. What is the greatest common divisor of c and l?
28
Let o be 2/12 - (-6 - 4/(-24)*-395). What is the highest common factor of 738 and o?
18
Let n = 5401 - 5085. Calculate the greatest common divisor of 711 and n.
79
Suppose 58740 = 43*j + 89*j. What is the greatest common divisor of 5 and j?
5
Suppose 227*m = 231*m - 448. Suppose -21*o = -25*o + m. What is the highest common factor of 70 and o?
14
Let s = 155 - 5. Let m = 1470 - 1380. What is the highest common factor of m and s?
30
Let w(m) = 34*m - 20. Let n be w(8). Let z = 1152 + -1116. Calculate the highest common factor of n and z.
36
Let h(y) = -3345 - 4*y**2 + 3321 + y**3 - 7*y**2 + 3*y - 3*y**2. Let t be h(14). Calculate the highest common factor of t and 81.
9
Let m be ((-59450)/435)/((-1)/6). What is the greatest common divisor of m and 100?
20
Let t = -561 - -1201. Suppose -5*c + 10*c - t = 0. What is the highest common factor of 64 and c?
64
Let s(a) = 475*a**3 - 34*a**2 + 32*a - 74. Let p be s(4). What is the highest common factor of 15 and p?
15
Let g(d) = -d**3 - 11*d**2 - 11*d - 18. Let u be g(-12). Suppose -4*c + u + 254 = 0. Suppose -2*f + 178 = -c. What is the greatest common divisor of f and 17?
17
Let t = -80 - -164. Let h be 123/6 + (-44)/(-88). What is the greatest common divisor of t and h?
21
Suppose 80 = 2*x + 64. Suppose -x*g + 15*g - 756 = 0. Calculate the greatest common factor of 135 and g.
27
Let g = 41 + 30. Suppose -3*p + g + 34 = 0. What is the greatest common divisor of 5 and p?
5
Let r be (-10)/((-210)/399) + -13. Suppose 0 = -4*d + 60. Suppose -4*x - 3*k = -3*x - d, 0 = x - 4*k - 1. Calculate the highest common factor of x and r.
3
Suppose 0*j = -2*j + 62. Suppose -30*h = -j*h - 50. Let f be (-2)/(-10) + (-240)/h. What is the highest common factor of f and 35?
5
Suppose 20 = d + 13. Let q be 2*1/d + (-20130)/(-105). What is the greatest common divisor of 24 and q?
24
Let b be (114/8)/(4 - 105/28). Suppose 167 = 3*x + 4*i, 4*x - 5*i - 228 = -b. Let s be 66/10 + (-6)/(-15). Calculate the highest common factor of x and s.
7
Suppose -k + 253*p - 251*p = -156, 0 = 3*k - 3*p - 474. Calculate the highest common divisor of 2320 and k.
80
Suppose 8 = 4*c - 12. Suppose -77859*o + 77674*o = -2220. What is the greatest common factor of o and c?
1
Let s(o) = 28*o + 395. Let g be s(-9). Calculate the greatest common factor of 247 and g.
13
Let j be (-17410)/(-18) + -1 - (-86)/(-387). Suppose -216 + j = 15*s. What is the highest common factor of s and 25?
25
Suppose -5*b + 20 = 0, 2*b - 162 = -2*i + 110. Suppose -2*k + 5 - 1 = 0. Let t be 164/14 - k/(-7). Calculate the greatest common divisor of t and i.
12
Suppose 4*u = 32 + 8. Let x be 2*-2*12/(-16). Suppose 5*g = -x*l + 34 + 21, 2*g + 30 = 4*l. Calculate the greatest common factor of u and l.
10
Suppose -3*u + 19 = 5*i + 2, -u + 4*i = 17. Let x be -4 + 1 + 18 - (0 - u). Suppose g - 38 = -24. What is the greatest common divisor of x and g?
14
Let q(u) = 4*u**2 - 1. Let c be q(-3). Suppose 562*r - 7959 = 17*r + 3486. What is the highest common divisor of r and c?
7
Let y(p) = p**2 + 6*p + 14. Let b = 68 - 72. Let l be y(b). Suppose -l = -4*c + 2*r + 242, 0 = -3*r - 12. Calculate the highest common divisor of 24 and c.
12
Let q = 250 - 178. Let z = q - 64. Let s be (z + -6)/1 + (0 - -2). Calculate the greatest common factor of s and 28.
4
Let h(l) = 4*l - 11. Let z be h(15). Let v(w) = -246*w**3 - w**2 - w - 1. Let a be v(-1). Calculate the greatest common divisor of z and a.
49
Let d = -247 - -254. Let m be (d - -1) + (-24)/(-3). What is the highest common factor of m and 592?
16
Suppose 84 = -a + 5*a. Suppose -g + a = -3. Suppose -2*f + 17 + 23 = r, -4*f - 640 = -18*r. Calculate the highest common factor of g and r.
12
Let f = -29 - -44. Suppose -9*t + 10*t = -5*q + 15430, -2*t - 6184 = -2*q. Suppose -21*k + 378 + q = 0. Calculate the greatest common factor of f and k.
15
Let r(i) = i**2 - i + 32. Suppose -5*s + 6*s - 6 = -y, 4*s - 3*y - 45 = 0. Let u be r(s). Let x = 49 + -23. What is the greatest common divisor of u and x?
26
Suppose 2*r - 5*r - 4*s + 20 = 0, 4*s = -5*r + 28. Let p be (r + 125)*1/(-3). Let x = -33 - p. What is the greatest common divisor of x and 110?
10
Let m be 1425 + ((-1)/(-3)*-2 - 680/(-120)). What is the greatest common divisor of 520 and m?
130
Let f be 2/6 - (-11)/3. Let a be -21*7/63*-6. Let m be (-207)/(-27) - a/(-6). What is the greatest common divisor of f and m?
2
Let h be (-1 - -5)*(-150)/100. Let t be (-6)/((h/32)/((-18)/(-8))). What is the